{"id":2298,"date":"2025-06-27T02:18:25","date_gmt":"2025-06-27T00:18:25","guid":{"rendered":"https:\/\/osadanadjeziorem.pl\/goscie\/?page_id=2298"},"modified":"2026-04-16T21:37:45","modified_gmt":"2026-04-16T19:37:45","slug":"wedkowanie","status":"publish","type":"page","link":"https:\/\/osadanadjeziorem.pl\/goscie\/wedkowanie\/","title":{"rendered":"W\u0119dkowanie"},"content":{"rendered":"\t\t<div data-elementor-type=\"wp-page\" data-elementor-id=\"2298\" class=\"elementor elementor-2298\">\n\t\t\t\t<div class=\"elementor-element elementor-element-40c717f3 e-flex e-con-boxed e-con e-parent\" data-id=\"40c717f3\" data-element_type=\"container\">\n\t\t\t\t\t<div class=\"e-con-inner\">\n\t\t\t\t<div class=\"elementor-element elementor-element-3a93c7f elementor-button-info elementor-align-center elementor-widget elementor-widget-button\" data-id=\"3a93c7f\" data-element_type=\"widget\" data-widget_type=\"button.default\">\n\t\t\t\t<div class=\"elementor-widget-container\">\n\t\t\t\t\t\t\t\t\t<div class=\"elementor-button-wrapper\">\n\t\t\t\t\t<a class=\"elementor-button elementor-button-link elementor-size-sm\" href=\"https:\/\/osadanadjeziorem.pl\/goscie\/plazowanie\/\">\n\t\t\t\t\t\t<span class=\"elementor-button-content-wrapper\">\n\t\t\t\t\t\t\t\t\t<span class=\"elementor-button-text\">Pla\u017cowanie<\/span>\n\t\t\t\t\t<\/span>\n\t\t\t\t\t<\/a>\n\t\t\t\t<\/div>\n\t\t\t\t\t\t\t\t<\/div>\n\t\t\t\t<\/div>\n\t\t\t\t<div class=\"elementor-element elementor-element-6e1e726a elementor-button-info elementor-align-center elementor-widget elementor-widget-button\" data-id=\"6e1e726a\" data-element_type=\"widget\" data-widget_type=\"button.default\">\n\t\t\t\t<div class=\"elementor-widget-container\">\n\t\t\t\t\t\t\t\t\t<div class=\"elementor-button-wrapper\">\n\t\t\t\t\t<a class=\"elementor-button elementor-button-link elementor-size-sm\" href=\"https:\/\/osadanadjeziorem.pl\/goscie\/wedkowanie\/\">\n\t\t\t\t\t\t<span class=\"elementor-button-content-wrapper\">\n\t\t\t\t\t\t\t\t\t<span class=\"elementor-button-text\">W\u0119dkowanie<\/span>\n\t\t\t\t\t<\/span>\n\t\t\t\t\t<\/a>\n\t\t\t\t<\/div>\n\t\t\t\t\t\t\t\t<\/div>\n\t\t\t\t<\/div>\n\t\t\t\t<div class=\"elementor-element elementor-element-75e0df6 elementor-button-info elementor-align-center elementor-widget elementor-widget-button\" data-id=\"75e0df6\" data-element_type=\"widget\" data-widget_type=\"button.default\">\n\t\t\t\t<div class=\"elementor-widget-container\">\n\t\t\t\t\t\t\t\t\t<div class=\"elementor-button-wrapper\">\n\t\t\t\t\t<a class=\"elementor-button elementor-button-link elementor-size-sm\" href=\"https:\/\/osadanadjeziorem.pl\/goscie\/kajaki-i-lodki\/\">\n\t\t\t\t\t\t<span class=\"elementor-button-content-wrapper\">\n\t\t\t\t\t\t\t\t\t<span class=\"elementor-button-text\">Kajaki i \u0142\u00f3dki<\/span>\n\t\t\t\t\t<\/span>\n\t\t\t\t\t<\/a>\n\t\t\t\t<\/div>\n\t\t\t\t\t\t\t\t<\/div>\n\t\t\t\t<\/div>\n\t\t\t\t<div class=\"elementor-element elementor-element-57c1b08a elementor-button-info elementor-align-center elementor-widget elementor-widget-button\" data-id=\"57c1b08a\" data-element_type=\"widget\" data-widget_type=\"button.default\">\n\t\t\t\t<div class=\"elementor-widget-container\">\n\t\t\t\t\t\t\t\t\t<div class=\"elementor-button-wrapper\">\n\t\t\t\t\t<a class=\"elementor-button elementor-button-link elementor-size-sm\" href=\"https:\/\/osadanadjeziorem.pl\/goscie\/do-lasu-i-na-grzyby\/\">\n\t\t\t\t\t\t<span class=\"elementor-button-content-wrapper\">\n\t\t\t\t\t\t\t\t\t<span class=\"elementor-button-text\">Do lasu i na grzyby<\/span>\n\t\t\t\t\t<\/span>\n\t\t\t\t\t<\/a>\n\t\t\t\t<\/div>\n\t\t\t\t\t\t\t\t<\/div>\n\t\t\t\t<\/div>\n\t\t\t\t<div class=\"elementor-element elementor-element-67e865d6 elementor-button-info elementor-align-center elementor-widget elementor-widget-button\" data-id=\"67e865d6\" data-element_type=\"widget\" data-widget_type=\"button.default\">\n\t\t\t\t<div class=\"elementor-widget-container\">\n\t\t\t\t\t\t\t\t\t<div class=\"elementor-button-wrapper\">\n\t\t\t\t\t<a class=\"elementor-button elementor-button-link elementor-size-sm\" href=\"https:\/\/osadanadjeziorem.pl\/goscie\/sala-muzyczna\/\">\n\t\t\t\t\t\t<span class=\"elementor-button-content-wrapper\">\n\t\t\t\t\t\t\t\t\t<span class=\"elementor-button-text\">Sala muzyczna<\/span>\n\t\t\t\t\t<\/span>\n\t\t\t\t\t<\/a>\n\t\t\t\t<\/div>\n\t\t\t\t\t\t\t\t<\/div>\n\t\t\t\t<\/div>\n\t\t\t\t<div class=\"elementor-element elementor-element-dc0b760 elementor-button-info elementor-align-center elementor-widget elementor-widget-button\" data-id=\"dc0b760\" data-element_type=\"widget\" data-widget_type=\"button.default\">\n\t\t\t\t<div class=\"elementor-widget-container\">\n\t\t\t\t\t\t\t\t\t<div class=\"elementor-button-wrapper\">\n\t\t\t\t\t<a class=\"elementor-button elementor-button-link elementor-size-sm\" href=\"https:\/\/osadanadjeziorem.pl\/goscie\/okolica\/\">\n\t\t\t\t\t\t<span class=\"elementor-button-content-wrapper\">\n\t\t\t\t\t\t\t\t\t<span class=\"elementor-button-text\">Okolica<\/span>\n\t\t\t\t\t<\/span>\n\t\t\t\t\t<\/a>\n\t\t\t\t<\/div>\n\t\t\t\t\t\t\t\t<\/div>\n\t\t\t\t<\/div>\n\t\t\t\t\t<\/div>\n\t\t\t\t<\/div>\n\t\t<div class=\"elementor-element elementor-element-57ad1187 e-flex e-con-boxed e-con e-parent\" data-id=\"57ad1187\" data-element_type=\"container\">\n\t\t\t\t\t<div class=\"e-con-inner\">\n\t\t<div class=\"elementor-element elementor-element-266d63f3 e-con-full e-flex e-con e-child\" data-id=\"266d63f3\" data-element_type=\"container\">\n\t\t\t\t<div class=\"elementor-element elementor-element-2ab5ffd hover-grow elementor-widget elementor-widget-image\" data-id=\"2ab5ffd\" data-element_type=\"widget\" data-widget_type=\"image.default\">\n\t\t\t\t<div class=\"elementor-widget-container\">\n\t\t\t\t\t\t\t\t\t\t\t\t\t\t\t\t<a href=\"https:\/\/osadanadjeziorem.pl\/goscie\/wp-content\/uploads\/2025\/06\/o-nas-osada.png\" data-elementor-open-lightbox=\"yes\" data-e-action-hash=\"#elementor-action%3Aaction%3Dlightbox%26settings%3DeyJpZCI6MjM2OSwidXJsIjoiaHR0cHM6XC9cL29zYWRhbmFkamV6aW9yZW0ucGxcL2dvc2NpZVwvd3AtY29udGVudFwvdXBsb2Fkc1wvMjAyNVwvMDZcL28tbmFzLW9zYWRhLnBuZyJ9\">\n\t\t\t\t\t\t\t<img fetchpriority=\"high\" decoding=\"async\" width=\"819\" height=\"1024\" src=\"https:\/\/osadanadjeziorem.pl\/goscie\/wp-content\/uploads\/2025\/06\/o-nas-osada-819x1024.png\" class=\"attachment-large size-large wp-image-2369\" alt=\"\" srcset=\"https:\/\/osadanadjeziorem.pl\/goscie\/wp-content\/uploads\/2025\/06\/o-nas-osada-819x1024.png 819w, https:\/\/osadanadjeziorem.pl\/goscie\/wp-content\/uploads\/2025\/06\/o-nas-osada-240x300.png 240w, https:\/\/osadanadjeziorem.pl\/goscie\/wp-content\/uploads\/2025\/06\/o-nas-osada-768x960.png 768w, https:\/\/osadanadjeziorem.pl\/goscie\/wp-content\/uploads\/2025\/06\/o-nas-osada.png 955w\" sizes=\"(max-width: 819px) 100vw, 819px\" \/>\t\t\t\t\t\t\t\t<\/a>\n\t\t\t\t\t\t\t\t\t\t\t\t\t\t\t<\/div>\n\t\t\t\t<\/div>\n\t\t\t\t<\/div>\n\t\t<div class=\"elementor-element elementor-element-7848c8a e-con-full e-flex e-con e-child\" data-id=\"7848c8a\" data-element_type=\"container\">\n\t\t\t\t<div class=\"elementor-element elementor-element-65c3a4d5 animated-slow elementor-invisible elementor-widget elementor-widget-heading\" data-id=\"65c3a4d5\" data-element_type=\"widget\" data-settings=\"{&quot;_animation&quot;:&quot;fadeIn&quot;}\" data-widget_type=\"heading.default\">\n\t\t\t\t<div class=\"elementor-widget-container\">\n\t\t\t\t\t<h2 class=\"elementor-heading-title elementor-size-default\">W\u0119dkarstwo<\/h2>\t\t\t\t<\/div>\n\t\t\t\t<\/div>\n\t\t\t\t<div class=\"elementor-element elementor-element-4b50e5c animated-slow elementor-invisible elementor-widget elementor-widget-text-editor\" data-id=\"4b50e5c\" data-element_type=\"widget\" data-settings=\"{&quot;_animation&quot;:&quot;fadeIn&quot;,&quot;_animation_delay&quot;:120}\" data-widget_type=\"text-editor.default\">\n\t\t\t\t<div class=\"elementor-widget-container\">\n\t\t\t\t\t\t\t\t\t<p>W\u0119dkarstwo to dla jednych sport, a dla innych spos\u00f3b na odzyskanie spokoju. W <strong style=\"color: #2baf95;\">Jeziorze U\u0142\u00f3wki<\/strong><br \/>trafisz na szczupaka, lina, leszcza czy okonia &#8211; zale\u017cnie od pory roku oraz szcz\u0119\u015bcia.<\/p><p>\u00a0<\/p><p>Przede wszystkim \u0142owisz tak jak lubisz &#8211; z pomostu przy pla\u017cy lub z naszych \u0142\u00f3dek &#8211; je\u015bli chcesz si\u0119 oddali\u0107 i szuka\u0107 na szerszych wodach!<\/p><p>\u00a0<\/p><p><strong style=\"color: #2baf95;\">Nigdy wcze\u015bniej nie \u0142owi\u0142e\u015b?<\/strong> Poka\u017cemy Ci podstawy, pomo\u017cemy zacz\u0105\u0107, a reszt\u0119.. ju\u017c zrobi jezioro.<\/p>\t\t\t\t\t\t\t\t<\/div>\n\t\t\t\t<\/div>\n\t\t\t\t<div class=\"elementor-element elementor-element-4a4b47ca animated-slow elementor-invisible elementor-widget elementor-widget-heading\" data-id=\"4a4b47ca\" data-element_type=\"widget\" data-settings=\"{&quot;_animation&quot;:&quot;fadeIn&quot;}\" data-widget_type=\"heading.default\">\n\t\t\t\t<div class=\"elementor-widget-container\">\n\t\t\t\t\t<h3 class=\"elementor-heading-title elementor-size-default\">Gdzie jeszcze na ryby?<\/h3>\t\t\t\t<\/div>\n\t\t\t\t<\/div>\n\t\t\t\t<div class=\"elementor-element elementor-element-ed7d2df animated-slow elementor-invisible elementor-widget elementor-widget-text-editor\" data-id=\"ed7d2df\" data-element_type=\"widget\" data-settings=\"{&quot;_animation&quot;:&quot;fadeIn&quot;,&quot;_animation_delay&quot;:120}\" data-widget_type=\"text-editor.default\">\n\t\t\t\t<div class=\"elementor-widget-container\">\n\t\t\t\t\t\t\t\t\t<div class=\"elementor-widget-container\"><ul><li data-start=\"311\" data-end=\"443\"><strong style=\"color: #2baf95;\">Jezioro Sz\u00f3stak<\/strong> &#8211; oddalone o 5 km od Gor\u0142a znane jest z r\u00f3\u017cnorodno\u015bci gatunk\u00f3w ryb takich jak: leszcze, liny czy w\u0119gorze.<\/li><li data-start=\"311\" data-end=\"443\"><strong style=\"color: #2baf95;\">Jezioro \u0141a\u015bmiady<\/strong> &#8211; to wi\u0119ksze jezioro, po\u0142\u0105czone z Jeziorem U\u0142\u00f3wki, znane z obfito\u015bci ryb drapie\u017cnych, takich jak sandacze i szczupaki. Wok\u00f3\u0142 jeziora znajdziesz si\u0119 liczne stanowiska w\u0119dkarskie i infrastruktur\u0119 turystyczn\u0105.<\/li><\/ul><\/div>\t\t\t\t\t\t\t\t<\/div>\n\t\t\t\t<\/div>\n\t\t\t\t<\/div>\n\t\t\t\t\t<\/div>\n\t\t\t\t<\/div>\n\t\t<div class=\"elementor-element elementor-element-a2d1e3b e-flex e-con-boxed e-con e-parent\" data-id=\"a2d1e3b\" data-element_type=\"container\">\n\t\t\t\t\t<div class=\"e-con-inner\">\n\t\t\t\t<div class=\"elementor-element elementor-element-75d44c5d gallery-spacing-custom hover-grow elementor-widget elementor-widget-image-gallery\" data-id=\"75d44c5d\" data-element_type=\"widget\" data-widget_type=\"image-gallery.default\">\n\t\t\t\t<div class=\"elementor-widget-container\">\n\t\t\t\t\t\t\t<div class=\"elementor-image-gallery\">\n\t\t\t<div id='gallery-1' class='gallery galleryid-2298 gallery-columns-2 gallery-size-full'><figure class='gallery-item'>\n\t\t\t<div class='gallery-icon portrait'>\n\t\t\t\t<a data-elementor-open-lightbox=\"yes\" data-elementor-lightbox-slideshow=\"75d44c5d\" data-e-action-hash=\"#elementor-action%3Aaction%3Dlightbox%26settings%3DeyJpZCI6MjM3MCwidXJsIjoiaHR0cHM6XC9cL29zYWRhbmFkamV6aW9yZW0ucGxcL2dvc2NpZVwvd3AtY29udGVudFwvdXBsb2Fkc1wvMjAyNVwvMDZcL3J5YnktNi1zY2FsZWQtMS5qcGciLCJzbGlkZXNob3ciOiI3NWQ0NGM1ZCJ9\" href='https:\/\/osadanadjeziorem.pl\/goscie\/wp-content\/uploads\/2025\/06\/ryby-6-scaled-1.jpg'><img decoding=\"async\" width=\"1920\" height=\"2560\" src=\"https:\/\/osadanadjeziorem.pl\/goscie\/wp-content\/uploads\/2025\/06\/ryby-6-scaled-1.jpg\" class=\"attachment-full size-full\" alt=\"\" srcset=\"https:\/\/osadanadjeziorem.pl\/goscie\/wp-content\/uploads\/2025\/06\/ryby-6-scaled-1.jpg 1920w, https:\/\/osadanadjeziorem.pl\/goscie\/wp-content\/uploads\/2025\/06\/ryby-6-scaled-1-225x300.jpg 225w, https:\/\/osadanadjeziorem.pl\/goscie\/wp-content\/uploads\/2025\/06\/ryby-6-scaled-1-768x1024.jpg 768w, https:\/\/osadanadjeziorem.pl\/goscie\/wp-content\/uploads\/2025\/06\/ryby-6-scaled-1-1152x1536.jpg 1152w, https:\/\/osadanadjeziorem.pl\/goscie\/wp-content\/uploads\/2025\/06\/ryby-6-scaled-1-1536x2048.jpg 1536w\" sizes=\"(max-width: 1920px) 100vw, 1920px\" \/><\/a>\n\t\t\t<\/div><\/figure><figure class='gallery-item'>\n\t\t\t<div class='gallery-icon portrait'>\n\t\t\t\t<a data-elementor-open-lightbox=\"yes\" data-elementor-lightbox-slideshow=\"75d44c5d\" data-e-action-hash=\"#elementor-action%3Aaction%3Dlightbox%26settings%3DeyJpZCI6MjM3MSwidXJsIjoiaHR0cHM6XC9cL29zYWRhbmFkamV6aW9yZW0ucGxcL2dvc2NpZVwvd3AtY29udGVudFwvdXBsb2Fkc1wvMjAyNVwvMDZcL3J5YnktNC1zY2FsZWQtMS5qcGciLCJzbGlkZXNob3ciOiI3NWQ0NGM1ZCJ9\" href='https:\/\/osadanadjeziorem.pl\/goscie\/wp-content\/uploads\/2025\/06\/ryby-4-scaled-1.jpg'><img decoding=\"async\" width=\"1920\" height=\"2560\" src=\"https:\/\/osadanadjeziorem.pl\/goscie\/wp-content\/uploads\/2025\/06\/ryby-4-scaled-1.jpg\" class=\"attachment-full size-full\" alt=\"\" srcset=\"https:\/\/osadanadjeziorem.pl\/goscie\/wp-content\/uploads\/2025\/06\/ryby-4-scaled-1.jpg 1920w, https:\/\/osadanadjeziorem.pl\/goscie\/wp-content\/uploads\/2025\/06\/ryby-4-scaled-1-225x300.jpg 225w, https:\/\/osadanadjeziorem.pl\/goscie\/wp-content\/uploads\/2025\/06\/ryby-4-scaled-1-768x1024.jpg 768w, https:\/\/osadanadjeziorem.pl\/goscie\/wp-content\/uploads\/2025\/06\/ryby-4-scaled-1-1152x1536.jpg 1152w, https:\/\/osadanadjeziorem.pl\/goscie\/wp-content\/uploads\/2025\/06\/ryby-4-scaled-1-1536x2048.jpg 1536w\" sizes=\"(max-width: 1920px) 100vw, 1920px\" \/><\/a>\n\t\t\t<\/div><\/figure><figure class='gallery-item'>\n\t\t\t<div class='gallery-icon portrait'>\n\t\t\t\t<a data-elementor-open-lightbox=\"yes\" data-elementor-lightbox-slideshow=\"75d44c5d\" data-e-action-hash=\"#elementor-action%3Aaction%3Dlightbox%26settings%3DeyJpZCI6MjM3MiwidXJsIjoiaHR0cHM6XC9cL29zYWRhbmFkamV6aW9yZW0ucGxcL2dvc2NpZVwvd3AtY29udGVudFwvdXBsb2Fkc1wvMjAyNVwvMDZcL3J5YnktNy0uanBnIiwic2xpZGVzaG93IjoiNzVkNDRjNWQifQ%3D%3D\" href='https:\/\/osadanadjeziorem.pl\/goscie\/wp-content\/uploads\/2025\/06\/ryby-7-.jpg'><img loading=\"lazy\" decoding=\"async\" width=\"1576\" height=\"2100\" src=\"https:\/\/osadanadjeziorem.pl\/goscie\/wp-content\/uploads\/2025\/06\/ryby-7-.jpg\" class=\"attachment-full size-full\" alt=\"\" srcset=\"https:\/\/osadanadjeziorem.pl\/goscie\/wp-content\/uploads\/2025\/06\/ryby-7-.jpg 1576w, https:\/\/osadanadjeziorem.pl\/goscie\/wp-content\/uploads\/2025\/06\/ryby-7--225x300.jpg 225w, https:\/\/osadanadjeziorem.pl\/goscie\/wp-content\/uploads\/2025\/06\/ryby-7--768x1023.jpg 768w, https:\/\/osadanadjeziorem.pl\/goscie\/wp-content\/uploads\/2025\/06\/ryby-7--1153x1536.jpg 1153w, https:\/\/osadanadjeziorem.pl\/goscie\/wp-content\/uploads\/2025\/06\/ryby-7--1537x2048.jpg 1537w\" sizes=\"(max-width: 1576px) 100vw, 1576px\" \/><\/a>\n\t\t\t<\/div><\/figure><figure class='gallery-item'>\n\t\t\t<div class='gallery-icon portrait'>\n\t\t\t\t<a data-elementor-open-lightbox=\"yes\" data-elementor-lightbox-slideshow=\"75d44c5d\" data-e-action-hash=\"#elementor-action%3Aaction%3Dlightbox%26settings%3DeyJpZCI6MjM3MywidXJsIjoiaHR0cHM6XC9cL29zYWRhbmFkamV6aW9yZW0ucGxcL2dvc2NpZVwvd3AtY29udGVudFwvdXBsb2Fkc1wvMjAyNVwvMDZcL3J5YnktNS1zY2FsZWQtMS5qcGciLCJzbGlkZXNob3ciOiI3NWQ0NGM1ZCJ9\" href='https:\/\/osadanadjeziorem.pl\/goscie\/wp-content\/uploads\/2025\/06\/ryby-5-scaled-1.jpg'><img loading=\"lazy\" decoding=\"async\" width=\"1920\" height=\"2560\" src=\"https:\/\/osadanadjeziorem.pl\/goscie\/wp-content\/uploads\/2025\/06\/ryby-5-scaled-1.jpg\" class=\"attachment-full size-full\" alt=\"\" srcset=\"https:\/\/osadanadjeziorem.pl\/goscie\/wp-content\/uploads\/2025\/06\/ryby-5-scaled-1.jpg 1920w, https:\/\/osadanadjeziorem.pl\/goscie\/wp-content\/uploads\/2025\/06\/ryby-5-scaled-1-225x300.jpg 225w, https:\/\/osadanadjeziorem.pl\/goscie\/wp-content\/uploads\/2025\/06\/ryby-5-scaled-1-768x1024.jpg 768w, https:\/\/osadanadjeziorem.pl\/goscie\/wp-content\/uploads\/2025\/06\/ryby-5-scaled-1-1152x1536.jpg 1152w, https:\/\/osadanadjeziorem.pl\/goscie\/wp-content\/uploads\/2025\/06\/ryby-5-scaled-1-1536x2048.jpg 1536w\" sizes=\"(max-width: 1920px) 100vw, 1920px\" \/><\/a>\n\t\t\t<\/div><\/figure>\n\t\t<\/div>\n\t\t<\/div>\n\t\t\t\t\t\t<\/div>\n\t\t\t\t<\/div>\n\t\t\t\t<div class=\"elementor-element elementor-element-74bd4381 hover-grow elementor-widget elementor-widget-image\" data-id=\"74bd4381\" data-element_type=\"widget\" data-widget_type=\"image.default\">\n\t\t\t\t<div class=\"elementor-widget-container\">\n\t\t\t\t\t\t\t\t\t\t\t\t\t\t\t\t<a href=\"https:\/\/osadanadjeziorem.pl\/goscie\/wp-content\/uploads\/2025\/06\/ryby-3-scaled-1.jpg\" data-elementor-open-lightbox=\"yes\" data-e-action-hash=\"#elementor-action%3Aaction%3Dlightbox%26settings%3DeyJpZCI6MjM3NCwidXJsIjoiaHR0cHM6XC9cL29zYWRhbmFkamV6aW9yZW0ucGxcL2dvc2NpZVwvd3AtY29udGVudFwvdXBsb2Fkc1wvMjAyNVwvMDZcL3J5YnktMy1zY2FsZWQtMS5qcGcifQ%3D%3D\">\n\t\t\t\t\t\t\t<img loading=\"lazy\" decoding=\"async\" width=\"2048\" height=\"1536\" src=\"https:\/\/osadanadjeziorem.pl\/goscie\/wp-content\/uploads\/2025\/06\/ryby-3-scaled-1-2048x1536.jpg\" class=\"attachment-2048x2048 size-2048x2048 wp-image-2374\" alt=\"\" srcset=\"https:\/\/osadanadjeziorem.pl\/goscie\/wp-content\/uploads\/2025\/06\/ryby-3-scaled-1-2048x1536.jpg 2048w, https:\/\/osadanadjeziorem.pl\/goscie\/wp-content\/uploads\/2025\/06\/ryby-3-scaled-1-300x225.jpg 300w, https:\/\/osadanadjeziorem.pl\/goscie\/wp-content\/uploads\/2025\/06\/ryby-3-scaled-1-1024x768.jpg 1024w, https:\/\/osadanadjeziorem.pl\/goscie\/wp-content\/uploads\/2025\/06\/ryby-3-scaled-1-768x576.jpg 768w, https:\/\/osadanadjeziorem.pl\/goscie\/wp-content\/uploads\/2025\/06\/ryby-3-scaled-1-1536x1152.jpg 1536w\" sizes=\"(max-width: 2048px) 100vw, 2048px\" \/>\t\t\t\t\t\t\t\t<\/a>\n\t\t\t\t\t\t\t\t\t\t\t\t\t\t\t<\/div>\n\t\t\t\t<\/div>\n\t\t\t\t\t<\/div>\n\t\t\t\t<\/div>\n\t\t\t\t<\/div>\n\t\t","protected":false},"excerpt":{"rendered":"<p>Pla\u017cowanie W\u0119dkowanie Kajaki i \u0142\u00f3dki Do lasu i na grzyby Sala muzyczna Okolica W\u0119dkarstwo W\u0119dkarstwo to dla jednych sport, a dla innych spos\u00f3b na odzyskanie spokoju. W Jeziorze U\u0142\u00f3wkitrafisz na szczupaka, lina, leszcza czy okonia &#8211; zale\u017cnie od pory roku oraz szcz\u0119\u015bcia. \u00a0 Przede wszystkim \u0142owisz tak jak lubisz &#8211; z pomostu przy pla\u017cy lub [&hellip;]<\/p>\n","protected":false},"author":3,"featured_media":0,"parent":0,"menu_order":0,"comment_status":"closed","ping_status":"closed","template":"","meta":{"site-sidebar-layout":"no-sidebar","site-content-layout":"page-builder","ast-site-content-layout":"full-width-container","site-content-style":"default","site-sidebar-style":"default","ast-global-header-display":"","ast-banner-title-visibility":"","ast-main-header-display":"","ast-hfb-above-header-display":"","ast-hfb-below-header-display":"","ast-hfb-mobile-header-display":"","site-post-title":"disabled","ast-breadcrumbs-content":"","ast-featured-img":"disabled","footer-sml-layout":"","theme-transparent-header-meta":"","adv-header-id-meta":"","stick-header-meta":"","header-above-stick-meta":"","header-main-stick-meta":"","header-below-stick-meta":"","astra-migrate-meta-layouts":"set","ast-page-background-enabled":"default","ast-page-background-meta":{"desktop":{"background-color":"var(--ast-global-color-4)","background-image":"","background-repeat":"repeat","background-position":"center center","background-size":"auto","background-attachment":"scroll","background-type":"","background-media":"","overlay-type":"","overlay-color":"","overlay-opacity":"","overlay-gradient":""},"tablet":{"background-color":"","background-image":"","background-repeat":"repeat","background-position":"center center","background-size":"auto","background-attachment":"scroll","background-type":"","background-media":"","overlay-type":"","overlay-color":"","overlay-opacity":"","overlay-gradient":""},"mobile":{"background-color":"","background-image":"","background-repeat":"repeat","background-position":"center center","background-size":"auto","background-attachment":"scroll","background-type":"","background-media":"","overlay-type":"","overlay-color":"","overlay-opacity":"","overlay-gradient":""}},"ast-content-background-meta":{"desktop":{"background-color":"var(--ast-global-color-5)","background-image":"","background-repeat":"repeat","background-position":"center center","background-size":"auto","background-attachment":"scroll","background-type":"","background-media":"","overlay-type":"","overlay-color":"","overlay-opacity":"","overlay-gradient":""},"tablet":{"background-color":"var(--ast-global-color-5)","background-image":"","background-repeat":"repeat","background-position":"center center","background-size":"auto","background-attachment":"scroll","background-type":"","background-media":"","overlay-type":"","overlay-color":"","overlay-opacity":"","overlay-gradient":""},"mobile":{"background-color":"var(--ast-global-color-5)","background-image":"","background-repeat":"repeat","background-position":"center center","background-size":"auto","background-attachment":"scroll","background-type":"","background-media":"","overlay-type":"","overlay-color":"","overlay-opacity":"","overlay-gradient":""}},"footnotes":""},"class_list":["post-2298","page","type-page","status-publish","hentry"],"_links":{"self":[{"href":"https:\/\/osadanadjeziorem.pl\/goscie\/wp-json\/wp\/v2\/pages\/2298","targetHints":{"allow":["GET"]}}],"collection":[{"href":"https:\/\/osadanadjeziorem.pl\/goscie\/wp-json\/wp\/v2\/pages"}],"about":[{"href":"https:\/\/osadanadjeziorem.pl\/goscie\/wp-json\/wp\/v2\/types\/page"}],"author":[{"embeddable":true,"href":"https:\/\/osadanadjeziorem.pl\/goscie\/wp-json\/wp\/v2\/users\/3"}],"replies":[{"embeddable":true,"href":"https:\/\/osadanadjeziorem.pl\/goscie\/wp-json\/wp\/v2\/comments?post=2298"}],"version-history":[{"count":34,"href":"https:\/\/osadanadjeziorem.pl\/goscie\/wp-json\/wp\/v2\/pages\/2298\/revisions"}],"predecessor-version":[{"id":3349,"href":"https:\/\/osadanadjeziorem.pl\/goscie\/wp-json\/wp\/v2\/pages\/2298\/revisions\/3349"}],"wp:attachment":[{"href":"https:\/\/osadanadjeziorem.pl\/goscie\/wp-json\/wp\/v2\/media?parent=2298"}],"curies":[{"name":"wp","href":"https:\/\/api.w.org\/{rel}","templated":true}]}}